 y = -1740 - w. Is y composite?
True
Let y be -4*(116199/30)/(36/(-30)). Suppose -5*b - 5*f + 9*f + y = 0, 5*f + 10336 = 4*b. Is b prime?
True
Is 4 + 5 + (-646984)/39*-21 prime?
False
Let z = -702581 - -1237852. Is z a composite number?
True
Suppose -4*a + 2*g + 87764 = 0, -3*g = -3*a + 99201 - 33384. Is a a prime number?
True
Let y = 155387 - 17356. Is y prime?
False
Let q(i) = -10*i - 15. Let g be q(-3). Is 3*g/9 + (3693 - 1) composite?
False
Let p(o) = 1 + 2*o + 7*o**2 - 6*o**3 - 4*o**3 + o**3 - 2*o**2. Let c be p(-4). Suppose -2*l + 3*l + 4*s - 243 = 0, 0 = 3*l - 4*s - c. Is l a composite number?
False
Let h be 6/(-3)*9*12006/(-92). Let q = h - -1930. Is q a composite number?
True
Let z(w) = 19*w**3 - 2*w**2 - 2*w - 1. Let r be z(-1). Let d = -17 - r. Suppose 2*k + 2*k - 472 = -4*i, -d*k = -3*i + 324. Is i prime?
True
Let c(k) = 618*k**2 - 14*k + 101. Let v be c(8). Suppose 19304 = 5*w - v. Is w a prime number?
False
Let d(z) = z**3 - 21*z**2 - 27*z - 46. Suppose -2*a - 2*a + 3*o + 9 = 0, -2*a + 4*o - 8 = 0. Suppose a*p - 15*p + 207 = 0. Is d(p) prime?
False
Let h = 971 - -34. Suppose -1338 = -a + h. Suppose 3*z + a = 6*z + 4*x, z = x + 788. Is z prime?
False
Is ((-475550)/30)/((-12)/36) composite?
True
Suppose 213*h - 209*h = 80796. Is h a prime number?
False
Let k(n) = 4*n**3 - n**2 - 3*n + 2. Let a be k(-2). Let t = -25 - a. Suppose 2753 = t*f - 0*c - 4*c, -f - 4*c + 939 = 0. Is f prime?
False
Suppose -26*d = -22*d + 2*r + 2576, -2*d - 2*r - 1290 = 0. Let s = 2156 + d. Is s a prime number?
False
Let d(j) = -2*j**3 + 3*j**2 + 360*j + 16. Is d(13) prime?
True
Is 28453/(-37)*(-2 + -127 + 2) prime?
False
Suppose -18*b = -19*b + 1049. Let h = b - -860. Is h prime?
False
Let t = 339 + -338. Suppose -q + 442 = -t. Is q a composite number?
False
Let l(b) = -146*b + 22. Let g be (40/50)/((-2)/(-20)). Let y be l(g). Let f = -315 - y. Is f composite?
True
Let x be (-2503)/(-4) + (-2)/(-8). Suppose -8630 = 154*j - 432*j + 12220. Let u = x + j. Is u a prime number?
True
Is 9/6*(-1220448)/(-144) a prime number?
True
Let j(n) = -44*n**2 - 2*n. Suppose 3*g + 11 + 1 = -2*i, -3*g + 9 = -5*i. Let t be j(g). Let s = 669 + t. Is s prime?
False
Suppose x - n - 81735 = 145720, -x - 3*n = -227483. Is x composite?
True
Let v be (-10 + -108*61)*10/4. Let i = -11288 - v. Is i a prime number?
False
Let b(w) = 1136*w**2 + 2*w + 1. Suppose 3 + 6 = -9*l. Is b(l) a composite number?
True
Let m(i) = i - 8. Let a be m(7). Let y(c) be the first derivative of 332*c**3/3 + c**2/2 - 198. Is y(a) composite?
False
Suppose -3*u + 2583279 = 11*x + 359050, 5*x + u - 1011011 = 0. Is x prime?
True
Let u(f) = 55009*f**2 + 116*f - 338. Is u(3) composite?
True
Suppose 14 = -5*i + 3*i. Let s = 10 - i. Suppose -m + s*m = 1184. Is m a prime number?
False
Let s(y) = 62*y**3 - 26*y**2 + 52*y + 73. Is s(13) composite?
True
Let h = 68 + -70. Let j(t) = 73*t**3 - 3*t**2 - 6*t - 3. Let d be j(h). Let u = -168 - d. Is u a prime number?
True
Suppose -2*i + 120363 + 11795 = 2*q, 0 = -3*i + 2*q + 198257. Is i a composite number?
False
Suppose 0 = 8*z + s - 887532, 3*z + z = -2*s + 443772. Is z prime?
False
Let s(c) = 15*c**2 - 98*c + 223. Is s(-54) a prime number?
False
Let z = -38 + 44. Suppose 0 = -z*f + 2*f + 5*j + 105, 4*j = -f. Is (-229)/(-2) - f/(-40) composite?
True
Let l(a) = -93*a**3 - a**2 + 3. Let p(n) be the first derivative of -n**4/4 - 11*n**3/3 - 4*n**2 + 18*n - 1. Let g be p(-10). Is l(g) composite?
False
Let y = -504582 - -740793. Is y composite?
True
Is (-2)/((-8)/6) - 22341700/(-1240) a composite number?
True
Let u(p) = p**3 + 98*p**2 + 197*p - 67. Is u(-47) prime?
True
Let q(o) = 73880*o + 3207. Is q(5) composite?
False
Is 40/48 + (-3 - (-195895)/6) composite?
False
Suppose -21*n - 101203 = 199853. Let s = n + 26199. Is s a prime number?
True
Let m = 62 + -68. Let d be 7 - (-3 - (-1 + m)). Suppose -1022 = d*y - 5*y. Is y a prime number?
False
Suppose 14*m + 15963 = 4*y + 15*m, 0 = 5*y + m - 19954. Is y a prime number?
False
Suppose -4*j = -5*z + 6573597, -2*z - 1314777 = -3*z + 8*j. Is z prime?
False
Let o be -2*(-7)/((-14)/(-3)). Suppose -5*q + 11 = 2*v, -15 = -2*v - o*q + 2*q. Is 1*3538/v*(-1 + 5) composite?
True
Let u = -46594 - -154183. Is u prime?
False
Suppose -3*b + 8 = 4*y, -2 = 3*y - y. Let n(w) = 6*w**2 - 7*w - 9. Let k be n(b). Suppose 3*f + k - 2636 = 0. Is f composite?
False
Suppose 3*y + 7*r - 3*r - 29807 = 0, 3*y + r = 29819. Is y composite?
False
Suppose -120 = -3*l - 4*v, 0 = 6*l - 3*l - v - 120. Suppose 30*y + 65110 = l*y. Is y prime?
False
Suppose -3*l + 1536579 - 95570 = -2*f, 0 = -3*l + 4*f + 1440995. Is l prime?
True
Let l be 855/38*724/3. Suppose -3375 = -5*y + l. Is y composite?
True
Let i(x) = 22*x**2 - 87*x - 646. Is i(-77) a prime number?
False
Suppose -29*y = -31*y + 138. Let m = y + -62. Suppose 8163 = m*d + 2*d. Is d prime?
True
Let i be 4 + (-1894*2 - -1). Let m be (4*2)/((-7)/2359). Let x = m - i. Is x a composite number?
False
Is 16 - (-554781)/(-19)*-3 a composite number?
False
Suppose 15*v = 20*v - 25. Suppose 5*f + v*f = 7870. Is f composite?
False
Let w(j) = -j**2 - 11*j + 42. Let u be w(-14). Suppose u = -4*f - 4*p + 29632, f - 5*p = 4851 + 2575. Is f composite?
False
Let x(p) = p**3 + p**2 + p + 30. Let n be x(0). Let o = n + -29. Is o + -2 + 128 + 0 a composite number?
False
Let l(n) = 2*n + 28. Let w be l(-14). Let o be (-4 - -2) + w/(-2). Is 2/3*((-809)/o - 1) prime?
True
Suppose 5*j = 5*u - 278980, j - 111602 = 3*j - 4*u. Let g be j/27 + (-2)/3. Let b = -890 - g. Is b prime?
False
Let l be 3/4 - 90/(-40). Let j be (5/((-30)/8))/(14/(-42861)). Suppose -l*v + j = 10*v. Is v a prime number?
False
Suppose -26*x + 28*x - 44521 = 20377. Is x prime?
False
Let k(t) = -8*t**3 + 2*t**2 + t + 7. Let y be k(5). Suppose -9*d - 7770 + 25455 = 0. Let r = d + y. Is r composite?
True
Let w be (-3 - 9/(-27))*5067/(-4). Is 4 + -2 + -3 + w + 0 composite?
True
Is 6/4*1900838/111 a prime number?
False
Let c(x) = x**3 + 16*x**2 - 22*x + 6. Suppose -3*a = k + 1, -2*a + 0*k - 3*k = -4. Let m = -17 - a. Is c(m) a prime number?
False
Suppose -2*h + 4 = -4*h, 0 = -u + h - 56. Is (39/(-6))/(1/u) prime?
False
Let a = 223 - 223. Suppose -4*y + 4 = 0, -5*f + 3*y + 1773 + 1729 = a. Is f a composite number?
False
Let y = -415 + -112. Let p = 2292 - y. Is p prime?
True
Let s = -1160 + -138. Let r = s + -3751. Is (-6)/(-75)*5 + r/(-15) prime?
True
Is 584563 + 312/(10 - -3) prime?
True
Suppose -2*x + 3*o + o - 3390 = 0, 3*x - 2*o = -5101. Suppose -5*u + 2*y = -9874 - 2166, -12015 = -5*u - 3*y. Let g = u + x. Is g a composite number?
True
Suppose 0 = 3*n + 5*q - 356468, -2*n - 7*q + 10*q + 237677 = 0. Is n a composite number?
False
Let t(u) = u**3 + 19*u**2 + 17*u + 19. Suppose 0 = 2*q - 4*x - 38, -x + 0 = 4. Suppose q + 5 = -2*l. Is t(l) a composite number?
False
Let u(x) = 3*x**3 + 322*x**2 + 74*x - 8. Is u(-69) prime?
True
Let b(f) = 166*f**2 - 284*f + 1893. Is b(7) a composite number?
False
Let f(r) = -r**3 - 8*r**2 - 10*r + 16. Let q be f(-8). Let m = -93 + q. Suppose 9*s + 4*z = 5*s + 448, 4*z + 315 = m*s. Is s a composite number?
False
Is 20 + -20 + 27 + 222560 prime?
True
Suppose 4*x + 13 = -2*v + 7*v, v + 2*x = -3. Let z be (0/1)/(2 - v). Suppose z = 6*g - 12076 + 1522. Is g composite?
False
Suppose 57621465 - 12363623 = 34*u. Is u composite?
True
Let p = 69177 + -26374. Is p a prime number?
False
Let k = 2823 - -3581. Suppose -k = -5*z - 3*t, -z - 2*t - 5110 = -5*z. Is z composite?
False
Let w(p) = 62*p**2 - 7*p**2 + 15*p**2 + 12*p + 61 - 14. Is w(16) a prime number?
False
Let o be 2/(-3)*4*(-18)/16. Suppose o*u + 0*u = -5*v + 13496, -2*v - 22545 = -5*u. Is u a composite number?
False
Let b = -40 + 43. Let v be (2 + b + -2)*3. Suppose -13*m + 2116 = -v*m. Is m composite?
True
Let p(h) = 121*h - 55. Let c be p(-6). Let g = 10418 - c. Is g prime?
False
Suppose 996*j + 9085775 = 1001*j - 4*n, 5*j = -n + 9085800. Is j a prime number?
True
Suppose 1909*u + 1328883 = 1912*u. Is u prime?
True
Is 2 + 0 - (1 + 196484)/(-3) prime?
True
Let s = -40371 + 56932. Is s a prime number?
True
Let z(s) = -4*s + 30. Let n be 26 + -14 - 2*2. Let v be z(n). Is (v + -335)/((-14)/14) composite?
False
Let p(o) = o**2 - 4*o. Let d be p(0). Suppose -k + 981 = -0*n - 5*n, d = -5*n - 1